5. Suppose 7*j = 2*r + 32, -j + 7*r + 14 = 2*r. Determine b(j).
-5
Let i(k) = -k. Let c = -886 + 882. What is i(c)?
4
Let r = -34 - -33. Let h(i) = 7*i**3 + i**2 - 2*i - 2. Let c be h(r). Let g(t) = -t**2 - 7*t - 5. What is g(c)?
1
Let p(a) = 9*a**2 - a. Let q be ((-2)/4)/(9/(-18)). Determine p(q).
8
Let w(t) = t**2 + 9*t + 5. Suppose 0 = -2*r - 3*r - 20. Let h(m) be the third derivative of m**4/6 + 5*m**3/3 + 11*m**2. Let o be h(r). Give w(o).
-13
Let j(z) = z**3 - z**2 - 1. Let s be j(1). Let g(m) = m + 1. Let f(y) = y - 5. Let r(d) = s*f(d) + 2*g(d). Calculate r(-5).
2
Let k(p) = -73*p**2 - 69*p**2 - 14*p + 3 + 140*p**2. Determine k(-7).
3
Let k(w) = -5*w + 11. Suppose -338 = -36*i - 14. Determine k(i).
-34
Let b(o) be the third derivative of -o**6/120 - o**5/15 + o**3/3 - 148*o**2. What is b(-5)?
27
Suppose -70 = -21*l + 77. Let i(z) = -4*z + 22. Determine i(l).
-6
Let v(w) = 2*w**2 + 4*w + 24. Let b(k) = 3*k**2 + 8*k + 45. Let s(y) = -3*b(y) + 5*v(y). Calculate s(7).
6
Let x = 99 - 50. Suppose -48*s = -x*s - 6. Let j(y) = 2*y**2 - 6*y + 3. Let u(m) = 3*m**2 - 12*m + 7. Let i(v) = -5*j(v) + 3*u(v). What is i(s)?
6
Let x be 11 - (3 + 1 - 1). Let j(f) = -2*f + 5 - x + f + 2. Calculate j(-3).
2
Let x(h) = 2 - 1924*h**2 - 3 + 2*h**3 - h**3 + 1931*h**2 + 5*h. Calculate x(-6).
5
Let b(l) = -3*l**2 + 9*l - 1. Let n(j) = -j**2 + 2*j + 1. Let p(t) = -b(t) + 2*n(t). Let g be ((-24)/(-40))/(1/5). Determine p(g).
-3
Let n be (-18)/12 - 3/6*-11. Let a(c) = 6 - c + 5*c**2 + 6*c - n*c - 6*c**2. Determine a(5).
-14
Suppose -4*n + 5*n = 5. Let m be (-3)/(-12) - (-28)/16. Let i(z) = -4*z - 6 + 10*z**m - 9*z**2 + z. What is i(n)?
4
Let x be 16/(-3) - 2/3. Let v(h) = 6594 - 6605 + 2*h - 3*h. Give v(x).
-5
Let o(l) = 5*l**2 + 13*l - 17. Let g(t) = -t**2 - 2*t + 3. Let q(j) = 6*g(j) + o(j). Determine q(5).
-19
Let k(n) be the second derivative of 5*n**4/12 - 5*n**2/2 - 62*n. Let j(u) = 4*u**2 - 7*u**2 - 11*u**2 + 14. Let q(m) = 6*j(m) + 17*k(m). What is q(3)?
8
Suppose -4*q = -2*q + 3*m + 10, 4*q + 2*m + 20 = 0. Let u(n) = n**2 + 4*n + 3. Let f be u(-4). Let y(v) = 2*v**2 + v**2 - 2*v**2 + 2*v - f. Determine y(q).
12
Let t be 21/6*4/2. Suppose 5*j - 5 = 0, 0*n + 2*j - t = -n. Suppose 5 = -3*f - 1, 5*z - n*f + 10 = 0. Let p(y) = 2*y - 1. What is p(z)?
-9
Let g(d) be the first derivative of d**3/3 - 4*d**2 - 12*d - 99. Give g(9).
-3
Let w = -13 + 13. Let i(u) = -3 + u**2 + 53*u - 25*u - 29*u. What is i(w)?
-3
Suppose -24 = -9*z + 12. Suppose 3*q = 4*u - 0*q - 13, -z*q - 14 = -2*u. Let f(l) = -9*l. What is f(u)?
-9
Let r(c) = -2*c**3 + 3*c - 1. Let j be 22/8 + ((-243)/36 - -6). Give r(j).
-11
Let l(o) be the first derivative of -o**6/360 + o**5/120 + 5*o**4/6 - 22*o**3/3 - 38. Let p(c) be the third derivative of l(c). Give p(0).
20
Let b(i) = i**3 - 4*i**2 - 8*i + 7. Let f be -1*(-2 + (-4)/4). Suppose 0 = -3*l - 0*l + m + 14, -4*l - f*m - 3 = 0. Suppose -12 = -l*g + 3. Give b(g).
-8
Let r = 1 + -2. Let o = r - 3. Let d(k) = 10*k**2 + 11*k - 5. Let f(b) = 7*b**2 + 9*b - 4. Let z(i) = -2*d(i) + 3*f(i). Determine z(o).
-6
Let g(y) = 2*y**2 + 3*y + 3. Let w = -21 + 36. Suppose -h + 2*h - 24 = -5*f, -w = 5*h - 2*f. Let u be (-2 + 1/h)*1. Calculate g(u).
12
Let s(x) be the first derivative of -4/3*x**3 - x - 6 + 0*x**2. Calculate s(1).
-5
Suppose 4*y + 0*y = 0. Let l(g) be the second derivative of g**5/20 - g**4/12 - g**3/6 + 5*g**2 + 100*g. Calculate l(y).
10
Let m(o) be the third derivative of o**5/60 + 13*o**4/24 + 2*o**3 + 92*o**2. Determine m(-12).
0
Let a(b) = -b**2 - b + 1. Suppose -5*j - 5 = -15. Let d(c) = 10 - 3*c**2 + 0*c**j + 2*c**2 + 6*c. Let i(h) = 2*a(h) - d(h). Determine i(-6).
4
Let w(m) = -5 + 6*m - 4 + 15 + 0*m + m. Give w(-3).
-15
Let a(j) = 3*j**2 - j - 1. Let v be a(-1). Let u = 2 + v. Let r(y) = u*y + 0*y - 4*y. Give r(-6).
-6
Suppose -4*r = -3*c - r - 9, -4*c + 5*r = 15. Let s(q) = -q - 38. Give s(c).
-38
Let x(j) = -2*j**2 - 3*j**2 - j + 6*j**2 + 1. Let i = 149 - 148. Let v be (1 - 2)*i*(3 - 3). What is x(v)?
1
Let p(b) = -b + 22. Suppose 2*s = -3*w + 64 - 14, -w + 3*s = -24. Give p(w).
4
Let f be ((-132)/(-32) + -3)/(30/40). Let n(y) be the second derivative of 1/6*y**3 + 0 + 3*y - f*y**2. Determine n(6).
3
Let p(k) = k**2 - 8*k + 8. Let d(v) = -4*v + 113. Let r be d(27). Calculate p(r).
-7
Suppose a - 6 = -5*m, -2*m + 5*a = 3*a. Let b(d) = 1 + 1 - m - d. Let x = -5074 - -5070. What is b(x)?
5
Suppose -20*u + 1 = -99. Let p(l) = -l**3 + 5*l**2 - 2*l + 4. Give p(u).
-6
Let k be (-3)/12*-2*-16. Let f(p) = p + 3. What is f(k)?
-5
Let a(o) = 242*o**2 + 27 - 3*o - 243*o**2 - 33. Calculate a(-3).
-6
Let f be 7*(-1)/(-2 + 1). Let a(d) = 14 - d - 1 + 9*d - 15*d. Let s(y) = 6*y - 12. Let q(o) = -5*a(o) - 6*s(o). What is q(f)?
0
Suppose 0 = 3*j - 5*q - 23, 5*j = q + 35 - 4. Let t(k) = -k**2 + 10*k + 11. Give t(j).
35
Let q(d) = -4*d + 1 + 1005*d**2 + 7 - 2*d - 1011*d**2 + d**3. Determine q(6).
-28
Let r(u) = 20*u + 156. Let w be r(-8). Let s(k) = k**2 + k - 4. Calculate s(w).
8
Let o(w) be the third derivative of 0*w + 1/5*w**5 - 25*w**2 + 0 + 0*w**3 + 0*w**4. What is o(-1)?
12
Suppose 0 = -5*k + v + 51, 0 = 2*k - 5*v - 4 + 2. Let d(g) = k*g + 9 - 10*g - 4 - 3*g**2 + 2*g**2. Calculate d(4).
-7
Let m(x) be the third derivative of x**4/8 - 2*x**3/3 + x**2. Let j(n) = -2*n**2 + 50*n + 104. Let w be j(-2). What is m(w)?
-16
Let u = 6 + -4. Let g(w) = 212*w - 11. Let k be g(4). Let z(p) = 4*p - p - k + 836 - 4*p**2. Give z(u).
-11
Let m(w) = -w - 6. Let s be m(-8). Suppose s*l - 4 = 2. Suppose l*q - 15 = -2*q. Let v(n) = -n**2 + n + 2. Calculate v(q).
-4
Let b(w) = -29*w - 18. Let x(d) = 17*d + 9. Let n(i) = -4*b(i) - 7*x(i). Determine n(11).
-24
Let g(t) = 0*t**2 - 2*t**2 - 8*t + 3*t**2 + 16 - 2*t**2. Determine g(-9).
7
Let u(x) = 6*x**2 + x. Let p be (-1 + 0)*(-2 + (1 - 1)). Suppose -p*q + 13 = -3*o, -4*q = -4*o - 7*q + 11. Determine u(o).
5
Let c(v) = -7. Let x(k) = k - 15. Let p(g) = 5*c(g) - 2*x(g). Suppose -24 = 2*w - 8. Give p(w).
11
Let o(w) be the second derivative of -w**4/12 + 2*w**3/3 + w**2/2 + w - 2. Calculate o(3).
4
Let q(y) = 29*y + 24*y - 79*y + 21*y + 3. What is q(2)?
-7
Let g(a) = a**2 - a - 8. Let r be g(4). Let f(h) = 63 + r*h - 56 - 3*h. Calculate f(-5).
2
Suppose -24 = -7*w + 39. Let y(l) = -l**3 - 12*l**2 + 11*l + 5. Let f(a) = -4*a**3 - 37*a**2 + 34*a + 16. Let t(r) = -2*f(r) + 7*y(r). Calculate t(w).
3
Let d(c) = -c - 9 - 4 - 362*c**3 + 361*c**3 + 3*c + 9*c**2. Determine d(9).
5
Let c = 175 - 289. Let d = -107 - c. Let a(z) = z - 7. Determine a(d).
0
Let u = 293/1160 + -3/1160. Let x(m) be the first derivative of 11 - 3*m - 4/3*m**3 - 1/2*m**2 - u*m**4. Give x(-4).
1
Let w(o) = -o**2 + o + 1. Let l(c) = -c**2 + c + 1. Let z(b) = -5*l(b) + 6*w(b). Let v be z(0). Let i(a) = a**2 - 2*a + 1. What is i(v)?
0
Let z be (2/(-6))/((-2)/12). Suppose -v + 3 = z*v. Let r(u) = -u - 3*u**2 + 6*u**2 + 4 + 2*u**2 + v - u**3. What is r(5)?
0
Let l = 1 + 0. Let f(u) be the first derivative of 2*u**4 - u**3/3 + u**2/2 - 62. Determine f(l).
8
Let m(w) be the first derivative of w**6/120 + w**5/60 - 5*w**3/6 - 17*w**2/2 + 16. Let r(s) be the second derivative of m(s). Let k be 2/2 + -4 + 3. Give r(k).
-5
Let k = -5 - -7. Let d(a) be the third derivative of -1/12*a**4 + 1/60*a**5 + 0 + 5*a**2 + 0*a + 1/3*a**3. Calculate d(k).
2
Let c(a) = 7*a**3 + 16*a**2 - 2*a - 8. Let i(b) = -3*b**3 - 7*b**2 + b + 4. Let z(x) = 4*c(x) + 9*i(x). What is z(-3)?
-17
Let b(s) = 4*s**2 + s + 71 + s**3 - 71. Let g(y) = y**3 + 3*y**2 + y - 1. Let z(a) = -3*b(a) + 4*g(a). Calculate z(0).
-4
Let u(t) = 18*t**2 + 7. Let m = -25 + 20. Let r(h) = -9*h**2 - 4. Let q(b) = m*r(b) - 3*u(b). Give q(-1).
-10
Suppose -10*z - 13 = -11*z + 5*u, 2*z + u = 4. Let n(s) = s**2. What is n(z)?
9
Suppose -2*x + 2*t = -6, -4*x = -0*x - 3*t - 9. Suppose -r - 2*f + 1 = x, 3*r - 2*f + 2 - 5 = 0. Let g(y) = 9*y**2 - 1. What is g(r)?
8
Let n = 211 + -211. Let r(k) be the second derivative of 3/2*k**2 + 1/20*k**5 - 5*k - 1/2*k**3 + n*k**4 + 0. Give r(2).
5
Let q(r) = r**2 - 4*r - 6. Let y(m) = 6*m**3 - 2*m**2 - 10*m + 5. Let s(j) = j**3 - j**2. Let u(v) = -5*s(v) + y(v). Let h be u(-5). Give q(h).
-1
Let g(v) be the first derivative of -v**3/3 + v**2/2 + 9*v - 1. Let a(i) be the third derivative of